e (3/9)/(d/(-12)). Let o(v) = -w - v - 4*v + 0*v**2 - v**2 - 5. Calculate o(-6).
-15
Suppose -78 = -4*d - 2*d. Let l(z) = z - 17. What is l(d)?
-4
Let q(w) be the first derivative of -w**6/120 - w**5/60 - 13*w**3/6 + 5*w**2/2 - 3. Let z(d) be the second derivative of q(d). What is z(0)?
-13
Let r = 5 + -1. Let l(h) = -r + h + 0 + 3 + 0*h. Let x be (-4)/(-3)*(-3)/2. Calculate l(x).
-3
Let s(t) = -15*t. Let l be -1*8*(-144)/(-384). What is s(l)?
45
Let z(w) = -10*w + 6. Let t(h) = 2*h - 1. Let b(a) = -11*t(a) - 2*z(a). Calculate b(4).
-9
Let s(a) = -2*a + 3. Let f be s(-2). Let w(o) = 0*o + f*o - o + 2 + o**2. Give w(-4).
-6
Let r(z) = z + 5. Let b = -11 - -2. Let s(l) = 4*l + 21. Let g(p) = b*r(p) + 2*s(p). Suppose 3*j = 7*j. Calculate g(j).
-3
Let j(l) = 3*l**3 - 9*l**2 - 15*l - 5. Let v(q) = 4*q**3 - 10*q**2 - 19*q - 4. Let x(b) = -3*j(b) + 2*v(b). Calculate x(8).
-1
Let a(z) = z + 6 + 2 - 2. Let o(g) = -g**3 - g. Let s be o(-1). Suppose -f = -s*n - 7, -7 + 2 = -5*f. Give a(n).
3
Let b(l) = l**3 - 7*l**2 - 1. Let k(a) = a**2 - 4*a + 7. Let n be k(0). Calculate b(n).
-1
Let w(n) be the first derivative of -n**3 + 1 - 1/4*n**4 + 4*n + n**2. Suppose 6*p + 47 = 29. What is w(p)?
-2
Let i(j) = j**2 - 2 + 18 - 2*j + 3*j. Suppose -50*u = -20*u. Give i(u).
16
Let d(m) be the second derivative of 0*m**2 - 7/24*m**4 + 0 - 1/2*m**3 + 1/120*m**5 - 4*m. Let y(a) be the second derivative of d(a). Determine y(5).
-2
Let l be (-2 - 1)/(6/(-4)). Let p(k) be the first derivative of -3*k - 16 + 1/4*k**4 + k**2 - 4/3*k**3. What is p(l)?
-7
Suppose -2 = -a + 8. Let i = 14 - a. Let x(y) = -11*y + 3. Let z(o) = -2*o. Let h(s) = -2*x(s) + 10*z(s). Give h(i).
2
Let s(u) = 2*u + 2. Let b(j) = 15*j + 3. Let z(d) = -b(d) + 9*s(d). Calculate z(-8).
-9
Let n(w) be the third derivative of -w**7/5040 + 7*w**6/720 - w**5/15 + 8*w**2. Let b(j) be the third derivative of n(j). Give b(5).
2
Let m be 6 - (-9 - -16 - (4 + 0)). Let r(i) = 1322*i**3 + 2*i**2 - 2*i - 1323*i**m - 9*i**2 - 9. What is r(-7)?
5
Let r be -2*(6 + -4)/2. Suppose x - 15 = -4*x. Let n(u) = u**2 + x - 3. Give n(r).
4
Let n be (-1 - 4/6)/((-2)/(-6)). Let f(z) = -2 - 10 - 4*z**2 + 3*z**2 - 5*z + 8. Calculate f(n).
-4
Let n(b) be the second derivative of b**5/20 + 7*b**4/12 + 2*b**3/3 - 2*b**2 + 5*b. Give n(-5).
26
Let w(o) = -o**3 + 2*o**2 - 2*o + 1. Let f be (-9)/(-6)*2 + -1. Suppose 0 = 4*v + 5*g + 7, 0*v - 2*g = f*v + 2. Determine w(v).
-3
Let p(g) = 3*g**2 - 8. Let w(u) = -7*u**2 - 7*u + 9. Let a(n) = 2*p(n) + w(n). Let i = -3 - 2. Determine a(i).
3
Suppose 0 = 4*r + 5*z - 540, -4*r + 0*z + 540 = -2*z. Let d(l) = -r - 138 + 272 + 4*l. Give d(-8).
-33
Let h(v) = v**3 + 14*v**2 + v + 16. Let u(i) = -9*i + 49. Let b be u(7). Give h(b).
2
Let z = -55 - -62. Let j(t) = -2*t + 10. Let c be j(z). Let i(n) = 3*n + 2. Let a(f) = -4*f - 3. Let g(k) = 2*a(k) + 3*i(k). Calculate g(c).
-4
Let c(z) = -3*z**3 + 21*z**2 + 3*z - 37. Let u(k) = k**3 - 7*k**2 - k + 12. Let a(l) = -2*c(l) - 7*u(l). Let g be (10/(-3) - -1)*(-30)/10. Give a(g).
-3
Suppose 8*w - 6*w = -5*l + 10, -w + 3*l = -5. Let a(u) = 2*u - 4. Determine a(w).
6
Let a be (-57)/(-2) - (39/2)/13. Let u be (-171)/a - (-4)/(-6). Let q(d) = -d - 14. Determine q(u).
-7
Let m(h) be the third derivative of -5*h**2 + 11/6*h**3 + 1/24*h**4 + 0 + 0*h. What is m(-7)?
4
Let u(p) = p**2 - 2*p - 2. Let m be ((-2)/6)/(7/126). Let h = m + 10. Give u(h).
6
Suppose 0 = -3*d + 6, 4 = 3*z - 0*z - 4*d. Let t(q) = -4*q - q**2 - z*q + 6 + 0 + 3*q**2. Calculate t(5).
16
Let p(m) be the second derivative of -7*m**3/6 + m**2/2 + 2*m + 38. Give p(3).
-20
Let a(c) = 8*c**3 - c**2. Let z(o) = -2*o**3 - 6*o. Let l(m) = -2*m**3 - 5*m. Let n(u) = -7*l(u) + 6*z(u). Let g be n(1). Determine a(g).
7
Let p be (-6)/4*12/(-3). Let k(z) = 291*z - 144*z - z**2 - 3*z**2 - 4 - 151*z + 5*z**2. What is k(p)?
8
Suppose -2*t + 23 = 3*h, -43 = 24*h - 27*h + 2*t. Let w(z) = -3*z + 2. What is w(h)?
-31
Let k(j) = j + 3. Let b = 29 - 24. Let d(s) = -3*s - 5. Let h(v) = b*k(v) + 3*d(v). Calculate h(-1).
4
Let b = 53 + -50. Let f(p) = 0*p**b - 3*p**3 + 4*p**3 - 16 + 14 + 3*p - 5*p**2. Calculate f(2).
-8
Let v(i) = i**2 - 3*i - 5. Let y be v(-8). Let n = y + -79. Let j(k) = -k**3 + 5*k**2 - 5*k + 5. Determine j(n).
1
Let l(j) = j**3 + 4*j**2 - 8*j + 15. Let p be l(3). Let w = -48 + p. Let i(z) = -4*z - 3. Let d(b) = 5*b + 4. Let u(g) = -3*d(g) - 4*i(g). Give u(w).
6
Let y(x) = -x**3 + 2*x**2 + 4*x + 4. Let v be y(3). Let j = v + -6. Let n(m) = -m**3 + m**2 - 1. Calculate n(j).
-1
Suppose 4*k - 8 = -2*b, 2*k - 4*b - 8 = -2*k. Let v(q) = -q**3 + 3*q**2 - 3*q + 4. Give v(k).
2
Let z(r) = -r**3 - 4*r**2 - r - 3. Let s = -370 - -367. What is z(s)?
-9
Let r(l) = -l - 4. Suppose 0 = 2*a - 12 + 278. Let p = 138 + a. Give r(p).
-9
Suppose 0 = -0*n - 26*n + 5*n. Let d(c) = 2*c + 34. What is d(n)?
34
Let r be ((-13)/(-26))/(2/24). Let c(z) = -r + 4 + 3*z - 5*z. Let d = 8 + -12. Calculate c(d).
6
Let r(q) = q**3 + 3*q**2. Let a be 1 - 4 - 11/((-22)/12). Suppose 1 = -a*d - 4*x, -4*d + 3 = -3*x + 21. Determine r(d).
0
Let l = 4 - -1. Suppose l = -0*h + h. Let r be (h + -3)*(-2)/4. Let s(j) = -2*j + 1. Calculate s(r).
3
Suppose 37*t - 12 = 99. Let y(c) be the first derivative of -1/3*c**3 - 3*c + t*c**2 + 5. What is y(4)?
5
Let m(c) be the first derivative of 2*c**3/3 - 4*c**2 + 2*c + 300. Give m(3).
-4
Let o be 5/(25/(-30))*-3. Let a = o + -25. Let s(b) = -b**2 - 8*b + 3. Give s(a).
10
Let x(y) be the third derivative of y**6/120 + y**5/6 - y**4/24 - 11*y**3/6 - 4*y**2 + 52*y. Calculate x(-10).
-1
Let n(s) = -1. Let a(m) = -m**2 + 7*m - 10. Suppose -4*d + 5*h + 36 = 0, 3*h - 15 - 3 = -2*d. Let v = -8 + d. Let f(l) = v*a(l) - 5*n(l). Calculate f(4).
7
Let j(h) = 4*h**2 + h. Suppose -93 + 33 = -6*g. Let w be 6/21 + (-206)/(-14). Suppose w*p + 5 = g*p. Determine j(p).
3
Let h(q) = 2*q - 2. Let t be h(2). Let o be 63/15 - t/10. Let i(z) = -3*z**3 - 14*z**2 + 11*z**2 + o*z**3. Give i(3).
0
Suppose 0 = 3*r + 2*r - 85. Suppose 13 + 0 = 2*w - 5*f, 5*w + 3*f = r. Let n(v) = -9*v + 3 + 3*v**2 + 20*v - 10*v + 0 - 4*v**2. Calculate n(w).
-9
Let s(a) = -4*a + 2. Let d(l) = -15*l - 1. Let q(b) = d(b) - 4*s(b). Calculate q(10).
1
Let p(z) = -4*z - 7. Let l(r) = -r. Let f(m) = 5*l(m) - p(m). Determine f(13).
-6
Let m(d) be the first derivative of 0*d**2 - 7 + 1/6*d**4 - 1/6*d**3 + 4*d. Let w(c) be the first derivative of m(c). Calculate w(2).
6
Suppose 5*n = -2*v - 3*v, 2*v - 5*n + 35 = 0. Let u = -2 - v. Let f(x) = 2*x**2 - 244*x**3 - 2*x + 201*x**3 - 1 + 42*x**3. What is f(u)?
-16
Let h(x) = -5*x - 1. Let q be (-2 + 2)/(-5) + (2 - -1). Suppose -q*n + 0*n = -12. Give h(n).
-21
Let h be (2 - 4)/(2/(-9)) + 0. Let x(t) = -h + 2 + 2*t**2 + 0*t**2 - 3*t**2 - 8*t. Give x(-6).
5
Let i be 21/(-12) + (-6)/(-8). Let w be ((-5)/((-20)/(-4)))/i. Let y(m) = 19*m. Give y(w).
19
Let a(q) = -11*q**3 + q - 1. Let k = -572 - -573. Give a(k).
-11
Let d = 11 - 13. Let b(a) = -15*a. What is b(d)?
30
Let y(g) = g**2 - 9*g + 8. Let f = -74 - -74. Suppose f = 5*a + t - 41, -2*t + 5*t = -4*a + 35. Determine y(a).
0
Let f(z) = 20*z**2 - 22*z**2 + 5*z + 4*z**2 - 9. Determine f(-4).
3
Let u(v) = v + 8 + v + 3*v - 3*v. Suppose 12 = -3*y + 6*b, -6*b + 6 = -2*y - b. Give u(y).
-8
Let z(a) = 25 - 2 + a - 15. Suppose 2*v = 5*q - 17, 0 = -v - 4*q - 0*q - 2. Calculate z(v).
2
Let d(h) = h - 1. Let w be d(3). Let l(v) = -4 - 6*v - w*v**2 + 2 + v**2 - 3. Determine l(-4).
3
Let v(n) = -13*n**2 + 50*n - 9. Let r(q) = 11*q**2 - 44*q + 8. Let j(m) = -7*r(m) - 6*v(m). Suppose k + 3 + 3 = 0. Calculate j(k).
-14
Let w(r) = r + 3. Let a be w(0). Let s(m) = -3*m**3 - 5*m**2 + 2*m**a + 2*m + 3 + m + 2*m**3. Let h(j) = -8*j - 108. Let q be h(-14). What is s(q)?
-1
Let f(s) be the second derivative of s**4/12 + s**3 + 3*s**2 - 4*s. Let n(i) = 13*i - i**2 + i - 7*i + 2 - 8. Let u be n(7). Give f(u).
6
Let k(i) = 9*i**3 + 34*i**2 + 11*i - 1. Let v(t) = 4*t**3 + 16*t**2 + 6*t. Let z(c) = -3*k(c) + 7*v(c). Give z(-9).
3
Let s(p) = 5*p**2 + 3 - p**3 - 2*p - 2*p + p**2. Suppose 1640*w + 13 = 1623*w + 47. What is s(w)?
11
Let j(y) be the third derivative of y**5/60 - 5*y**4/24 - y**3/2 + 24*y**2 - 57*y. Let i(w) = -w - 2. Let l be i(-5). Determine j(l).
-9
Let z(t) = 10*t**3 - 4*t**2 - 14*t -